hat is the hundreds digit of 15819?
8
What is the ten thousands digit of 34621?
3
What is the tens digit of 5751?
5
What is the hundreds digit of 5381?
3
What is the units digit of 1559?
9
What is the units digit of 1857?
7
What is the hundreds digit of 68043?
0
What is the tens digit of 24406?
0
What is the hundred thousands digit of 138464?
1
What is the ten thousands digit of 63872?
6
What is the thousands digit of 28343?
8
What is the hundreds digit of 8270?
2
What is the hundreds digit of 2415?
4
What is the units digit of 430?
0
What is the hundreds digit of 23532?
5
What is the units digit of 4463?
3
What is the hundreds digit of 642?
6
What is the thousands digit of 97720?
7
What is the units digit of 2056?
6
What is the units digit of 4329?
9
What is the tens digit of 149431?
3
What is the hundreds digit of 32348?
3
What is the ten thousands digit of 106523?
0
What is the tens digit of 474?
7
What is the thousands digit of 4841?
4
What is the units digit of 881?
1
What is the tens digit of 1296?
9
What is the hundreds digit of 6901?
9
What is the hundreds digit of 16601?
6
What is the hundred thousands digit of 150436?
1
What is the thousands digit of 3582?
3
What is the ten thousands digit of 44535?
4
What is the thousands digit of 33516?
3
What is the units digit of 13392?
2
What is the tens digit of 4004?
0
What is the thousands digit of 32403?
2
What is the hundreds digit of 25577?
5
What is the thousands digit of 1616?
1
What is the hundreds digit of 432?
4
What is the tens digit of 4281?
8
What is the tens digit of 12194?
9
What is the units digit of 23559?
9
What is the ten thousands digit of 101536?
0
What is the tens digit of 2310?
1
What is the ten thousands digit of 64208?
6
What is the thousands digit of 1160?
1
What is the tens digit of 681?
8
What is the hundreds digit of 5140?
1
What is the hundreds digit of 4983?
9
What is the hundreds digit of 778?
7
What is the tens digit of 81728?
2
What is the hundreds digit of 183?
1
What is the units digit of 650?
0
What is the units digit of 22373?
3
What is the thousands digit of 32010?
2
What is the hundreds digit of 7446?
4
What is the tens digit of 1665?
6
What is the hundreds digit of 9534?
5
What is the thousands digit of 30470?
0
What is the tens digit of 19918?
1
What is the units digit of 2271?
1
What is the tens digit of 338?
3
What is the hundreds digit of 26004?
0
What is the units digit of 105587?
7
What is the hundreds digit of 1021?
0
What is the tens digit of 32?
3
What is the hundreds digit of 126391?
3
What is the tens digit of 15192?
9
What is the units digit of 5377?
7
What is the thousands digit of 3221?
3
What is the thousands digit of 36519?
6
What is the thousands digit of 32281?
2
What is the units digit of 1983?
3
What is the thousands digit of 1985?
1
What is the thousands digit of 5227?
5
What is the thousands digit of 1753?
1
What is the thousands digit of 6217?
6
What is the units digit of 5781?
1
What is the ten thousands digit of 37072?
3
What is the units digit of 305?
5
What is the hundreds digit of 42884?
8
What is the tens digit of 956?
5
What is the ten thousands digit of 34593?
3
What is the tens digit of 2304?
0
What is the hundreds digit of 221?
2
What is the units digit of 357?
7
What is the ten thousands digit of 19564?
1
What is the tens digit of 1014?
1
What is the tens digit of 6030?
3
What is the units digit of 45546?
6
What is the hundreds digit of 3530?
5
What is the units digit of 8278?
8
What is the thousands digit of 19264?
9
What is the hundreds digit of 2791?
7
What is the thousands digit of 5628?
5
What is the hundreds digit of 336?
3
What is the ten thousands digit of 44518?
4
What is the tens digit of 123?
2
What is the units digit of 19465?
5
What is the tens digit of 2588?
8
What is the thousands digit of 2261?
2
What is the thousands digit of 74178?
4
What is the ten thousands digit of 23146?
2
What is the ten thousands digit of 26359?
2
What is the ten thousands digit of 20315?
2
What is the tens digit of 4361?
6
What is the hundreds digit of 5928?
9
What is the hundreds digit of 1155?
1
What is the units digit of 70936?
6
What is the ten thousands digit of 14675?
1
What is the units digit of 6745?
5
What is the hundreds digit of 49199?
1
What is the units digit of 1059?
9
What is the thousands digit of 3332?
3
What is the thousands digit of 76334?
6
What is the tens digit of 48911?
1
What is the units digit of 1264?
4
What is the hundreds digit of 79908?
9
What is the units digit of 13648?
8
What is the ten thousands digit of 11395?
1
What is the tens digit of 1353?
5
What is the tens digit of 29778?
7
What is the tens digit of 851?
5
What is the units digit of 1535?
5
What is the units digit of 21?
1
What is the units digit of 46570?
0
What is the thousands digit of 92064?
2
What is the ten thousands digit of 159535?
5
What is the tens digit of 7677?
7
What is the thousands digit of 6689?
6
What is the units digit of 3196?
6
What is the hundreds digit of 61678?
6
What is the tens digit of 68482?
8
What is the tens digit of 9423?
2
What is the thousands digit of 61716?
1
What is the hundreds digit of 102095?
0
What is the units digit of 1259?
9
What is the ten thousands digit of 79624?
7
What is the hundreds digit of 1453?
4
What is the units digit of 66154?
4
What is the hundreds digit of 763?
7
What is the hundreds digit of 8680?
6
What is the hundreds digit of 410?
4
What is the hundreds digit of 1457?
4
What is the thousands digit of 15831?
5
What is the ten thousands digit of 26242?
2
What is the hundreds digit of 627?
6
What is the units digit of 618?
8
What is the tens digit of 75015?
1
What is the tens digit of 770?
7
What is the ten thousands digit of 29598?
2
What is the hundreds digit of 9378?
3
What is the hundreds digit of 4687?
6
What is the hundreds digit of 18806?
8
What is the hundreds digit of 73841?
8
What is the hundreds digit of 129771?
7
What is the tens digit of 140754?
5
What is the hundreds digit of 476?
4
What is the tens digit of 33550?
5
What is the hundreds digit of 2618?
6
What is the tens digit of 52?
5
What is the ten thousands digit of 148360?
4
What is the units digit of 43301?
1
What is the units digit of 170?
0
What is the ten thousands digit of 22616?
2
What is the thousands digit of 1142?
1
What is the thousands digit of 76626?
6
What is the hundreds digit of 3715?
7
What is the thousands digit of 81207?
1
What is the tens digit of 3907?
0
What is the hundreds digit of 33221?
2
What is the ten thousands digit of 24894?
2
What is the tens digit of 592?
9
What is the hundreds digit of 135715?
7
What is the thousands digit of 1144?
1
What is the tens digit of 1623?
2
What is the hundreds digit of 279?
2
What is the hundreds digit of 400?
4
What is the thousands digit of 7684?
7
What is the hundreds digit of 768?
7
What is the tens digit of 46696?
9
What is the thousands digit of 61698?
1
What is the hundred thousands digit of 100497?
1
What is the ten thousands digit of 59026?
5
What is the tens digit of 91?
9
What is the hundreds digit of 630?
6
What is the thousands digit of 56713?
6
What is the tens digit of 24638?
3
What is the units digit of 1543?
3
What is the tens digit of 1056?
5
What is the thousands digit of 7370?
7
What is the thousands digit of 1766?
1
What is the units digit of 3744?
4
What is the hundreds digit of 2682?
6
What is the units digit of 38157?
7
What is the units digit of 1983?
3
What is the units digit of 231?
1
What is the tens digit of 28396?
9
What is the tens digit of 8352?
5
What is the units digit of 6767?
7
What is the thousands digit of 73103?
3
What is the tens digit of 666?
6
What is the hundreds digit of 2710?
7
What is the hundreds digit of 827?
8
What is the thousands digit of 40969?
0
What is the ten thousands digit of 27529?
2
What is the units digit of 9146?
6
What is the hundreds digit of 810?
8
What is the tens digit of 6034?
3
What is the thousands digit of 1093?
1
What is the thousands digit of 2296?
2
What is the tens digit of 100?
0
What is the ten thousands digit of 10314?
1
What is the tens digit of 6559?
5
What is the hundreds digit of 412?
4
What is the hundreds digit of 15374?
3
What is the hundreds digit of 14622?
6
What is t